{"id":184,"date":"2012-10-26T13:51:24","date_gmt":"2012-10-26T13:51:24","guid":{"rendered":"https:\/\/mi-fontaneria.es\/blog\/?page_id=184"},"modified":"2015-01-29T13:39:36","modified_gmt":"2015-01-29T13:39:36","slug":"mecanismos-de-descarga","status":"publish","type":"page","link":"https:\/\/mi-fontaneria.es\/blog\/indice\/repuestos-para-sanitarios\/roca\/mecanismos-de-descarga\/","title":{"rendered":"Mecanismos de Descarga Roca"},"content":{"rendered":"<p><a href=\"https:\/\/mi-fontaneria.es\/blog\/mecanismo-de-descarga-roca-d2p\/\"><img loading=\"lazy\" decoding=\"async\" class=\"aligncenter wp-image-266 size-thumbnail\" title=\"Descarga D2P 822502200\" src=\"https:\/\/mi-fontaneria.es\/blog\/wp-content\/uploads\/2012\/10\/Descarga-D2P-8225022001-150x150.jpg\" alt=\"Enlace a Mecanismo de descarga Roca D2P\" width=\"150\" height=\"150\" \/><\/a><\/p>\n<p style=\"text-align: center;\">\u00a0<a title=\"Mecanismo de descarga ROCA D2P\" href=\"https:\/\/mi-fontaneria.es\/blog\/mecanismo-de-descarga-roca-d2p\/\">Mecanismo Roca D2P<\/a>. Modificaci\u00f3n en la presentaci\u00f3n introducida por el fabricante en 2012.<\/p>\n<p><a href=\"https:\/\/mi-fontaneria.es\/blog\/mecanismos-roca-d1d-y-d2d\/\"><img loading=\"lazy\" decoding=\"async\" class=\"aligncenter wp-image-296 size-thumbnail\" src=\"https:\/\/mi-fontaneria.es\/blog\/wp-content\/uploads\/2012\/10\/Descarga-D1D-822021000-150x150.jpg\" alt=\"Mecanismo de descarga Roca D1D referencia 822021000\" width=\"150\" height=\"150\" \/><\/a><\/p>\n<p style=\"text-align: center;\"><a title=\"Mecanismos de descarga Roca D1D y D2D\" href=\"https:\/\/mi-fontaneria.es\/blog\/mecanismos-roca-d1d-y-d2d\/\">Diferencias entre los mecanismos de descarga Roca D1D y D2D<\/a><\/p>\n","protected":false},"excerpt":{"rendered":"<p>\u00a0Mecanismo Roca D2P. Modificaci\u00f3n en la presentaci\u00f3n introducida por el fabricante en 2012. Diferencias entre los mecanismos de descarga Roca D1D y D2D<\/p>\n","protected":false},"author":1,"featured_media":0,"parent":180,"menu_order":0,"comment_status":"closed","ping_status":"closed","template":"","meta":{"_genesis_hide_title":false,"_genesis_hide_breadcrumbs":false,"_genesis_hide_singular_image":false,"_genesis_hide_footer_widgets":false,"_genesis_custom_body_class":"","_genesis_custom_post_class":"","_genesis_layout":"content-sidebar","jetpack_post_was_ever_published":false,"footnotes":""},"aioseo_notices":[],"jetpack_sharing_enabled":true,"jetpack-related-posts":[{"id":535,"url":"https:\/\/mi-fontaneria.es\/blog\/indice\/repuestos-para-sanitarios\/roca\/mecanismos-aliementacion-roca\/","url_meta":{"origin":184,"position":0},"title":"Mecanismos alimentaci\u00f3n ROCA","author":"Grillo - Mifontaneria","date":"26 marzo, 2013","format":false,"excerpt":"\u00a0 Mecanismo de aliementaci\u00f3n de cisterna A2L","rel":"","context":"Entrada similar","block_context":{"text":"Entrada similar","link":""},"img":{"alt_text":"","src":"","width":0,"height":0},"classes":[]},{"id":180,"url":"https:\/\/mi-fontaneria.es\/blog\/indice\/repuestos-para-sanitarios\/roca\/","url_meta":{"origin":184,"position":1},"title":"Repuestos Roca","author":"Grillo - Mifontaneria","date":"26 octubre, 2012","format":false,"excerpt":"\u00a0Asientos y Tapas para indoro y bide marca ROCA \u00a0Mecanismo de descarga Roca. \u00a0Pulsadores y Tiradores ROCA en DORADO \u00a0Alimentacion de cisterna A2L de ROCA (Reparaci\u00f3n)","rel":"","context":"Entrada similar","block_context":{"text":"Entrada similar","link":""},"img":{"alt_text":"","src":"","width":0,"height":0},"classes":[]},{"id":776,"url":"https:\/\/mi-fontaneria.es\/blog\/indice\/reparaciones\/","url_meta":{"origin":184,"position":2},"title":"Reparaciones","author":"Grillo - Mifontaneria","date":"15 octubre, 2013","format":false,"excerpt":"Listado de post sobre reparaciones \u00a0 Desconchado en una ba\u00f1era Reparaci\u00f3n m\u00e1s frecuente en un mecanismo de llenado Roca (antig\u00fco) Sustituir goma obturadora en el mecanismo de descarga Wirquin MW2 Sustituir bisagra amortiguada en un inodoro Roca Cambiar la bisagra en un inodoro Roca Dama (Antig\u00fco) Como limpiar un bote\u2026","rel":"","context":"Entrada similar","block_context":{"text":"Entrada similar","link":""},"img":{"alt_text":"","src":"","width":0,"height":0},"classes":[]},{"id":170,"url":"https:\/\/mi-fontaneria.es\/blog\/indice\/","url_meta":{"origin":184,"position":3},"title":"Indice de Entradas","author":"Grillo - Mifontaneria","date":"26 julio, 2012","format":false,"excerpt":"Modelos de Sanitario: Versiones del Modelo Dama. El IN-TANK Meridian. \u00bfDe qu\u00e9 marca y modelo es mi inodoro? Repuestos para Sanitarios: Para Roca: Mecanismos de descarga. Varios. Tapas y Asientos.\u00a0Varios. Pulsadores y tiradores. Varios Mecanismos de Alimentaci\u00f3n.\u00a0Varios. Para Wirquin: Descarga \u00a0universal MW2-PRO Sustituci\u00f3n de la goma obturadora. Para Geberit: \u00a0\u00a0Mecanismos\u2026","rel":"","context":"Entrada similar","block_context":{"text":"Entrada similar","link":""},"img":{"alt_text":"","src":"","width":0,"height":0},"classes":[]},{"id":505,"url":"https:\/\/mi-fontaneria.es\/blog\/indice\/repuestos-para-sanitarios\/roca\/pulsadores-tiradores-wc-roca\/","url_meta":{"origin":184,"position":4},"title":"Pulsadores y Tiradores para WC ROCA","author":"Grillo - Mifontaneria","date":"6 febrero, 2013","format":false,"excerpt":"\u00a0Pulsadores y Tiradores ROCA DORADOS \u00a0 \u00a0","rel":"","context":"Entrada similar","block_context":{"text":"Entrada similar","link":""},"img":{"alt_text":"","src":"","width":0,"height":0},"classes":[]},{"id":190,"url":"https:\/\/mi-fontaneria.es\/blog\/indice\/repuestos-para-sanitarios\/roca\/asientos-y-tapas\/","url_meta":{"origin":184,"position":5},"title":"Asientos y tapas","author":"Grillo - Mifontaneria","date":"26 octubre, 2012","format":false,"excerpt":"Cambios en los Asientos de inodoro Victoria. Supralit \u00a0 \u00a0 \u00a0\u00a0Bisagra m\u00e1s fijaci\u00f3n del asiento Dama. \u00a0 \u00a0 \u00a0 \u00a0 \u00a0 \u00a0 \u00a0 \u00a0 \u00a0 \u00a0 \u00a0 \u00a0 \u00a0 \u00a0 \u00a0 \u00a0\u00a0Bisagra Inodoro ca\u00edda amortiguada varios modelos Roca. \u00bfTapa o asiento de inodoro? \u00a0\u00bfQu\u00e9 bisagra lleva mi inodoro?","rel":"","context":"Entrada similar","block_context":{"text":"Entrada similar","link":""},"img":{"alt_text":"","src":"","width":0,"height":0},"classes":[]}],"_links":{"self":[{"href":"https:\/\/mi-fontaneria.es\/blog\/wp-json\/wp\/v2\/pages\/184"}],"collection":[{"href":"https:\/\/mi-fontaneria.es\/blog\/wp-json\/wp\/v2\/pages"}],"about":[{"href":"https:\/\/mi-fontaneria.es\/blog\/wp-json\/wp\/v2\/types\/page"}],"author":[{"embeddable":true,"href":"https:\/\/mi-fontaneria.es\/blog\/wp-json\/wp\/v2\/users\/1"}],"replies":[{"embeddable":true,"href":"https:\/\/mi-fontaneria.es\/blog\/wp-json\/wp\/v2\/comments?post=184"}],"version-history":[{"count":12,"href":"https:\/\/mi-fontaneria.es\/blog\/wp-json\/wp\/v2\/pages\/184\/revisions"}],"predecessor-version":[{"id":1040,"href":"https:\/\/mi-fontaneria.es\/blog\/wp-json\/wp\/v2\/pages\/184\/revisions\/1040"}],"up":[{"embeddable":true,"href":"https:\/\/mi-fontaneria.es\/blog\/wp-json\/wp\/v2\/pages\/180"}],"wp:attachment":[{"href":"https:\/\/mi-fontaneria.es\/blog\/wp-json\/wp\/v2\/media?parent=184"}],"curies":[{"name":"wp","href":"https:\/\/api.w.org\/{rel}","templated":true}]}}