{"id":799,"date":"2013-12-17T17:49:53","date_gmt":"2013-12-17T17:49:53","guid":{"rendered":"https:\/\/mi-fontaneria.es\/blog\/?page_id=799"},"modified":"2019-06-20T10:17:19","modified_gmt":"2019-06-20T10:17:19","slug":"politica-de-cookies","status":"publish","type":"page","link":"https:\/\/mi-fontaneria.es\/blog\/aviso-legal\/politica-de-cookies\/","title":{"rendered":"Pol\u00edtica de Cookies"},"content":{"rendered":"<p>Est\u00e1 pol\u00edtica de cookies elaborada por Fontaner\u00eda y Saneamientos Grillo tiene como fin el informarle del uso que hacemos de las cookies en nuestros sitios: www.mi-fontaneria.es y www.mi-fontaneria.es\/blog\/<\/p>\n<p><b>\u00bfQu\u00e9 es una cookie?<\/b><\/p>\n<p>Una Cookies es un peque\u00f1o archivo que nuestra, o cualquier otra web (la mayor\u00eda de las p\u00e1ginas web usan cookies) coloca en su equipo (PC, tel\u00e9fono o cualquier otro que utilice para la navegaci\u00f3n).<\/p>\n<p>Las cookies son necesarias para muchas de las acciones que como usuario puede llevar a cabo en nuestra web. Facilitan la navegaci\u00f3n, la hacen m\u00e1s c\u00f3moda y sirven, por ejemplo, para que pueda enviarnos una pregunta a trav\u00e9s de nuestro formulario de contacto, almacenar los art\u00edculos que ha a\u00f1adido a su cesta de la compra o acceder a partes de acceso restringido entre otras funciones.<\/p>\n<p>Existen varios\u00a0<b>tipos de cookies<\/b>.\u00a0<b>\u00bfCu\u00e1les usamos\u2026?<\/b><\/p>\n<p>&#8211; Cookies que tienen como \u00fanico fin permitir la comunicaci\u00f3n entre su equipo y la red.<\/p>\n<p>&#8211; Cookies que nos permiten prestar un servicio que usted nos solicite.<\/p>\n<p>Estos dos primeros tipos se denominan\u00a0<b>cookies t\u00e9cnicas<\/b>\u00a0y ser\u00e1n estrictamente necesarias para que le podamos atender.<\/p>\n<p><b>&#8211; Cookies anal\u00edticas<\/b>: Las usamos con una finalidad estrictamente estad\u00edstica y nos aportan informaci\u00f3n muy importante para que podamos ofrecerle y mejorar nuestro servicio. Nos sirven, por ejemplo, para identificar qu\u00e9 tipo de navegador usa o qu\u00e9 dispositivo utiliza, son cookies que en ning\u00fan caso identifican personas. Tambi\u00e9n sirven para saber qu\u00e9 contenidos son m\u00e1s visitados, contabilizar aproximadamente el n\u00famero de visitantes y si \u00e9ste es nuevo o nos ha visitado antes y este tipo de cosas. Son cookies que no pertenecen a Fontaner\u00eda y Saneamietos Grillo, sino a un tercero; Google Analytics.\u00a0<a href=\"http:\/\/www.google.com\/analytics\/learn\/privacy.html\" target=\"_blank\" rel=\"noopener noreferrer\">Revise en este enlace la pol\u00edtica de privacidad de Google Analytic<\/a><\/p>\n<p><b>C\u00f3mo deshabilitar las cookies en el navegador<\/b><\/p>\n<p>La mayor\u00eda de navegadores le permiten configurar si desean aceptar cookies y cu\u00e1les de ellas. Estos ajustes normalmente se encuentra en las \u2018opciones\u2019 o \u2018Preferencias\u2019 del men\u00fa de su navegador.<\/p>\n<p>Estas son las instrucciones para configurar las cookies en los principales navegadores:<\/p>\n<p><b>Chrome:<\/b>\u00a0Configuraci\u00f3n -&gt; Mostrar opciones avanzadas -&gt; Privacidad -&gt; Configuraci\u00f3n de contenido.<br \/>\nPara m\u00e1s informaci\u00f3n, puede consultar el soporte de Google o la Ayuda del navegador.<\/p>\n<p><b>Firefox:<\/b>\u00a0Herramientas -&gt; Opciones -&gt; Privacidad -&gt; Historial -&gt; Configuraci\u00f3n Personalizada.<br \/>\nPara m\u00e1s informaci\u00f3n, puede consultar el soporte de Mozilla o la Ayuda del navegador.<\/p>\n<p><b>Internet Explorer:<\/b>\u00a0Herramientas -&gt; Opciones de Internet -&gt; Privacidad -&gt; Configuraci\u00f3n.<br \/>\nPara m\u00e1s informaci\u00f3n, puede consultar el soporte de Microsoft o la Ayuda del navegador.<\/p>\n<p><b>Safari:<\/b>\u00a0Preferencias -&gt; Seguridad.<br \/>\nPara m\u00e1s informaci\u00f3n, puede consultar el soporte de Apple o la Ayuda del navegador.<\/p>\n<p>Tambi\u00e9n se incluyen diversos \u00abbotones\u00bb (plugins) que permiten a los visitantes compartir las publicaciones del blog en redes sociales. Ver por favor las pol\u00edticas de privacidad de estas compa\u00f1\u00edas:<\/p>\n<p>&#8211; FACEBOOK &#8211; https:\/\/es-es.facebook.com\/about\/privacy\/<br \/>\n&#8211; TWITTER &#8211; https:\/\/twitter.com\/privacy<br \/>\n&#8211; GOOGLE PLUS &#8211; http:\/\/www.google.es\/intl\/es\/policies\/privacy\/<\/p>\n<p>Al acceder a los perfiles de Fontaner\u00eda y Saneamientos Grillo en las distintas redes sociales usted acepta el uso de cookies por parte de las mismas.<\/p>\n<p>Para m\u00e1s informaci\u00f3n sobre Facebook pulse\u00a0<a href=\"http:\/\/es-es.facebook.com\/help\/cookies\" target=\"_blank\" rel=\"noopener noreferrer\">aqu\u00ed.<\/a><\/p>\n<p>Para m\u00e1s informaci\u00f3n sobre Twitter pulse\u00a0<a href=\"https:\/\/twitter.com\/privacy\" target=\"_blank\" rel=\"noopener noreferrer\">aqu\u00ed.<\/a><\/p>\n<p>Para m\u00e1s informaci\u00f3n sobre YouTube pulse\u00a0<a href=\"http:\/\/www.google.es\/intl\/es\/policies\/privacy\/\" target=\"_blank\" rel=\"noopener noreferrer\">aqu\u00ed.<\/a><\/p>\n<p>M\u00e1s informaci\u00f3n sobre cookies en:<br \/>\n<a href=\"https:\/\/www.agpd.es\/portalwebAGPD\/canaldocumentacion\/publicaciones\/common\/Guias\/Guia_Cookies.pdf\" target=\"_blank\" rel=\"noopener noreferrer\">Guia sobre el uso de las cookies de la Agencia Espa\u00f1ola de Protecci\u00f3n de Datos<\/a>.<\/p>\n","protected":false},"excerpt":{"rendered":"<p>Est\u00e1 pol\u00edtica de cookies elaborada por Fontaner\u00eda y Saneamientos Grillo tiene como fin el informarle del uso que hacemos de las cookies en nuestros sitios: www.mi-fontaneria.es y www.mi-fontaneria.es\/blog\/ \u00bfQu\u00e9 es una cookie? Una Cookies es un peque\u00f1o archivo que nuestra, o cualquier otra web (la mayor\u00eda de las p\u00e1ginas web usan cookies) coloca en su [&hellip;]<\/p>\n","protected":false},"author":1,"featured_media":0,"parent":2,"menu_order":0,"comment_status":"closed","ping_status":"open","template":"","meta":{"_genesis_hide_title":false,"_genesis_hide_breadcrumbs":false,"_genesis_hide_singular_image":false,"_genesis_hide_footer_widgets":false,"_genesis_custom_body_class":"","_genesis_custom_post_class":"","_genesis_layout":"","jetpack_post_was_ever_published":false,"footnotes":""},"aioseo_notices":[],"jetpack_sharing_enabled":false,"jetpack-related-posts":[{"id":2,"url":"https:\/\/mi-fontaneria.es\/blog\/aviso-legal\/","url_meta":{"origin":799,"position":0},"title":"Aviso Legal","author":"Grillo - Mifontaneria","date":"9 octubre, 2012","format":false,"excerpt":"1.1.\u00a0www.mi-fontaneria.es\/blog\u00a0se libera expresamente de toda responsabilidad legal por cualquier da\u00f1o, p\u00e9rdida o lesi\u00f3n como resultado de las actividades de cualquier visitante del Sitio y el uso que le puedan dar a su contenido. 1.2.\u00a0www.mi-fontaneria.es\/blog\u00a0contiene enlaces externos a p\u00e1ginas de otros lectores\/usuarios\/anunciantes y no se hace responsable de sus pr\u00e1cticas en\u2026","rel":"","context":"Entrada similar","block_context":{"text":"Entrada similar","link":""},"img":{"alt_text":"","src":"","width":0,"height":0},"classes":[]},{"id":2271,"url":"https:\/\/mi-fontaneria.es\/blog\/aviso-legal\/registro\/","url_meta":{"origin":799,"position":1},"title":"Registro","author":"Grillo - Mifontaneria","date":"24 junio, 2019","format":false,"excerpt":"Puede registrarse como cliente en nuestra tienda en l\u00ednea de dos diferentes maneras. -1). La primera de ellas, en cualquier momento, y sin que este registro como cliente vaya asociado a ning\u00fan pedido concreto. -2). Adem\u00e1s puede hacerlo en el mismo momento en el que tramita su primer pedido. Veamos\u2026","rel":"","context":"Entrada similar","block_context":{"text":"Entrada similar","link":""},"img":{"alt_text":"","src":"","width":0,"height":0},"classes":[]},{"id":685,"url":"https:\/\/mi-fontaneria.es\/blog\/indice\/sanitarios\/","url_meta":{"origin":799,"position":2},"title":"Sanitarios","author":"Grillo - Mifontaneria","date":"20 septiembre, 2013","format":false,"excerpt":"Art\u00edculos del blog sobre modelos de Sanitarios. 1. Versiones del modelo Dama de Roca. El Dama es uno de los modelos de sanitarios m\u00e1s populares del fabricante ROCA. Sali\u00f3 al mercado hace ya d\u00e9cadas y como es habitual cuando cualquier producto se mantiene por mucho tiempo en el mercado, la\u2026","rel":"","context":"Entrada similar","block_context":{"text":"Entrada similar","link":""},"img":{"alt_text":"","src":"https:\/\/i0.wp.com\/mi-fontaneria.es\/blog\/wp-content\/uploads\/2013\/09\/Inodoro-y-bida-Dama-Retro-224x300.jpg?resize=350%2C200&ssl=1","width":350,"height":200},"classes":[]},{"id":2384,"url":"https:\/\/mi-fontaneria.es\/blog\/","url_meta":{"origin":799,"position":3},"title":"Inicio","author":"Grillo - Mifontaneria","date":"29 abril, 2021","format":false,"excerpt":"Este es un blog dedicado al mundo de la fontaner\u00eda por Fontaner\u00eda y Saenamientos Grillo, S.L. una empresa familiar afincada en Mairena del Alcor, Sevilla. En el mismo intentamos aclarar cuestiones relacionadas con los productos que comercializamos en nuestra tienda online: mi-fontaneria.es adem\u00e1s de presentar novedades e informar sobre dudas\u2026","rel":"","context":"Entrada similar","block_context":{"text":"Entrada similar","link":""},"img":{"alt_text":"Fachada Tienda f\u00edsica Fontaner\u00eda y Saneamientos Grillo","src":"https:\/\/i0.wp.com\/mi-fontaneria.es\/blog\/wp-content\/uploads\/2019\/09\/Fachada-Fontaneria-Grillo.jpg?resize=350%2C200&ssl=1","width":350,"height":200,"srcset":"https:\/\/i0.wp.com\/mi-fontaneria.es\/blog\/wp-content\/uploads\/2019\/09\/Fachada-Fontaneria-Grillo.jpg?resize=350%2C200&ssl=1 1x, https:\/\/i0.wp.com\/mi-fontaneria.es\/blog\/wp-content\/uploads\/2019\/09\/Fachada-Fontaneria-Grillo.jpg?resize=525%2C300&ssl=1 1.5x"},"classes":[]},{"id":282,"url":"https:\/\/mi-fontaneria.es\/blog\/indice\/calculos\/","url_meta":{"origin":799,"position":4},"title":"C\u00e1lculos","author":"Grillo - Mifontaneria","date":"30 octubre, 2012","format":false,"excerpt":"1.) C\u00e1lculo bomba y filtro para la piscina Uno de los c\u00e1lculos que con m\u00e1s frecuencia hacemos en fontaner\u00eda, sobre todo cuando se acerca el calor, es el de la bomba y el filtro adecuados para la depuraci\u00f3n del agua de una piscina. 2.) C\u00e1lculo volumen de agua en una\u2026","rel":"","context":"Entrada similar","block_context":{"text":"Entrada similar","link":""},"img":{"alt_text":"","src":"https:\/\/i0.wp.com\/mi-fontaneria.es\/blog\/wp-content\/uploads\/2012\/10\/Filtro-piscina-280x300.jpg?resize=350%2C200&ssl=1","width":350,"height":200},"classes":[]},{"id":2316,"url":"https:\/\/mi-fontaneria.es\/blog\/nuestras-instalaciones\/","url_meta":{"origin":799,"position":5},"title":"Nuestras instalaciones","author":"Grillo - Mifontaneria","date":"4 septiembre, 2019","format":false,"excerpt":"Una imagen vale m\u00e1s que mil palabras, o eso dicen; por eso queremos que nos conozca no s\u00f3lo por lo que decimos de nosotros mismos, sino tambi\u00e9n por nuestras imagenes, que esperamos le sirvan para hacerse con una idea clara de qui\u00e9n es y qu\u00e9 es Fontaneria y Saneamientos Grillo,\u2026","rel":"","context":"Entrada similar","block_context":{"text":"Entrada similar","link":""},"img":{"alt_text":"Fachada Tienda f\u00edsica Fontaner\u00eda y Saneamientos Grillo","src":"https:\/\/i0.wp.com\/mi-fontaneria.es\/blog\/wp-content\/uploads\/2019\/09\/Fachada-Fontaneria-Grillo.jpg?resize=350%2C200&ssl=1","width":350,"height":200,"srcset":"https:\/\/i0.wp.com\/mi-fontaneria.es\/blog\/wp-content\/uploads\/2019\/09\/Fachada-Fontaneria-Grillo.jpg?resize=350%2C200&ssl=1 1x, https:\/\/i0.wp.com\/mi-fontaneria.es\/blog\/wp-content\/uploads\/2019\/09\/Fachada-Fontaneria-Grillo.jpg?resize=525%2C300&ssl=1 1.5x"},"classes":[]}],"_links":{"self":[{"href":"https:\/\/mi-fontaneria.es\/blog\/wp-json\/wp\/v2\/pages\/799"}],"collection":[{"href":"https:\/\/mi-fontaneria.es\/blog\/wp-json\/wp\/v2\/pages"}],"about":[{"href":"https:\/\/mi-fontaneria.es\/blog\/wp-json\/wp\/v2\/types\/page"}],"author":[{"embeddable":true,"href":"https:\/\/mi-fontaneria.es\/blog\/wp-json\/wp\/v2\/users\/1"}],"replies":[{"embeddable":true,"href":"https:\/\/mi-fontaneria.es\/blog\/wp-json\/wp\/v2\/comments?post=799"}],"version-history":[{"count":3,"href":"https:\/\/mi-fontaneria.es\/blog\/wp-json\/wp\/v2\/pages\/799\/revisions"}],"predecessor-version":[{"id":2267,"href":"https:\/\/mi-fontaneria.es\/blog\/wp-json\/wp\/v2\/pages\/799\/revisions\/2267"}],"up":[{"embeddable":true,"href":"https:\/\/mi-fontaneria.es\/blog\/wp-json\/wp\/v2\/pages\/2"}],"wp:attachment":[{"href":"https:\/\/mi-fontaneria.es\/blog\/wp-json\/wp\/v2\/media?parent=799"}],"curies":[{"name":"wp","href":"https:\/\/api.w.org\/{rel}","templated":true}]}}